divided by 829.
809
Calculate the remainder when 10093 is divided by 50.
43
Calculate the remainder when 462280 is divided by 115569.
4
Calculate the remainder when 1760 is divided by 952.
808
What is the remainder when 7982 is divided by 18?
8
What is the remainder when 132168 is divided by 239?
1
What is the remainder when 16414 is divided by 35?
34
What is the remainder when 3077 is divided by 160?
37
Calculate the remainder when 1914 is divided by 637.
3
Calculate the remainder when 397497 is divided by 19.
17
What is the remainder when 5233 is divided by 742?
39
What is the remainder when 10801 is divided by 156?
37
What is the remainder when 15053 is divided by 4?
1
What is the remainder when 1580614 is divided by 395151?
10
What is the remainder when 877924 is divided by 292638?
10
What is the remainder when 80696 is divided by 10084?
24
What is the remainder when 5520 is divided by 33?
9
Calculate the remainder when 436742 is divided by 218304.
134
What is the remainder when 3157487 is divided by 35?
32
What is the remainder when 132736 is divided by 66356?
24
What is the remainder when 3317 is divided by 257?
233
Calculate the remainder when 236039 is divided by 107.
104
What is the remainder when 275 is divided by 143?
132
What is the remainder when 183819 is divided by 2299?
2198
What is the remainder when 443454 is divided by 338?
336
What is the remainder when 2089421 is divided by 9?
8
What is the remainder when 3282 is divided by 1634?
14
Calculate the remainder when 293478 is divided by 52.
42
What is the remainder when 187836 is divided by 22?
0
Calculate the remainder when 23181 is divided by 2020.
961
What is the remainder when 15467 is divided by 57?
20
Calculate the remainder when 31397 is divided by 766.
757
Calculate the remainder when 7106 is divided by 3523.
60
Calculate the remainder when 9107 is divided by 1131.
59
Calculate the remainder when 7952 is divided by 21.
14
Calculate the remainder when 26091 is divided by 163.
11
Calculate the remainder when 770 is divided by 702.
68
Calculate the remainder when 3220 is divided by 3194.
26
Calculate the remainder when 7592 is divided by 143.
13
Calculate the remainder when 2732 is divided by 391.
386
What is the remainder when 9359 is divided by 2334?
23
Calculate the remainder when 8876 is divided by 2954.
14
What is the remainder when 5784 is divided by 1893?
105
Calculate the remainder when 1655 is divided by 19.
2
What is the remainder when 145153 is divided by 29030?
3
What is the remainder when 159377 is divided by 13?
10
Calculate the remainder when 382589 is divided by 39.
38
What is the remainder when 155217 is divided by 175?
167
What is the remainder when 3554 is divided by 168?
26
What is the remainder when 41301 is divided by 26?
13
What is the remainder when 27868 is divided by 30?
28
Calculate the remainder when 820 is divided by 149.
75
What is the remainder when 319563 is divided by 26?
23
What is the remainder when 570 is divided by 83?
72
Calculate the remainder when 13804 is divided by 394.
14
What is the remainder when 40580 is divided by 290?
270
Calculate the remainder when 422111 is divided by 32.
31
What is the remainder when 236654 is divided by 425?
354
What is the remainder when 1733 is divided by 413?
81
What is the remainder when 816 is divided by 419?
397
Calculate the remainder when 1220 is divided by 1111.
109
Calculate the remainder when 1306661 is divided by 701.
698
What is the remainder when 2277 is divided by 253?
0
What is the remainder when 657258 is divided by 16?
10
What is the remainder when 9216673 is divided by 69?
67
Calculate the remainder when 34278 is divided by 8560.
38
What is the remainder when 26018 is divided by 62?
40
What is the remainder when 37724 is divided by 48?
44
What is the remainder when 378604 is divided by 378600?
4
Calculate the remainder when 136 is divided by 3.
1
Calculate the remainder when 4974435 is divided by 42.
39
Calculate the remainder when 5358 is divided by 1693.
279
Calculate the remainder when 91997 is divided by 385.
367
What is the remainder when 1631561 is divided by 543852?
5
What is the remainder when 10579 is divided by 12?
7
Calculate the remainder when 145917 is divided by 10.
7
Calculate the remainder when 33136 is divided by 520.
376
What is the remainder when 974 is divided by 487?
0
Calculate the remainder when 484970 is divided by 461.
459
Calculate the remainder when 40656 is divided by 535.
531
Calculate the remainder when 180731 is divided by 502.
11
Calculate the remainder when 1356 is divided by 290.
196
What is the remainder when 5925 is divided by 647?
102
What is the remainder when 49794 is divided by 7113?
3
What is the remainder when 84077 is divided by 67?
59
What is the remainder when 273 is divided by 208?
65
Calculate the remainder when 53813 is divided by 233.
223
What is the remainder when 5291 is divided by 110?
11
What is the remainder when 29797 is divided by 20?
17
Calculate the remainder when 207321 is divided by 42.
9
Calculate the remainder when 82192 is divided by 11738.
26
What is the remainder when 53080 is divided by 92?
88
What is the remainder when 18328 is divided by 130?
128
Calculate the remainder when 2575 is divided by 112.
111
Calculate the remainder when 82687 is divided by 82679.
8
Calculate the remainder when 4712 is divided by 219.
113
What is the remainder when 24361 is divided by 11?
7
Calculate the remainder when 1206714 is divided by 497.
495
What is the remainder when 18090 is divided by 393?
12
Calculate the remainder when 179384 is divided by 132.
128
Calculate the remainder when 31386 is divided by 43.
39
Calculate the remainder when 65652 is divided by 8.
4
What is the remainder when 14062 is divided by 480?
142
What is the remainder when 4971 is divided by 140?
71
Calculate the remainder when 316799 is divided by 320.
319
What is the remainder when 9691 is divided by 392?
283
What is the remainder when 131328 is divided by 1113?
1107
Calculate the remainder when 6409 is divided by 355.
19
Calculate the remainder when 71631 is divided by 208.
79
Calculate the remainder when 349494 is divided by 38.
8
What is the remainder when 88920 is divided by 42?
6
Calculate the remainder when 22667 is divided by 1029.
29
What is the remainder when 228696 is divided by 25?
21
What is the remainder when 21354 is divided by 1136?
906
Calculate the remainder when 6921 is divided by 69.
21
Calculate the remainder when 5743 is divided by 5741.
2
Calculate the remainder when 10686 is divided by 2659.
50
Calculate the remainder when 1066743 is divided by 602.
601
Calculate the remainder when 2493 is divided by 322.
239
What is the remainder when 84438 is divided by 723?
570
Calculate the remainder when 891 is divided by 76.
55
What is the remainder when 465599 is divided by 485?
484
What is the remainder when 7247 is divided by 48?
47
What is the remainder when 89739 is divided by 1402?
11
What is the remainder when 7047 is divided by 367?
74
What is the remainder when 190215 is divided by 53?
51
What is the remainder when 11202 is divided by 132?
114
What is the remainder when 44 is divided by 4?
0
Calculate the remainder when 4048 is divided by 29.
17
What is the remainder when 9196 is divided by 1147?
20
Calculate the remainder when 167352 is divided by 45.
42
Calculate the remainder when 7459 is divided by 406.
151
Calculate the remainder when 122074 is divided by 2597.
15
Calculate the remainder when 12828 is divided by 3202.
20
Calculate the remainder when 100005 is divided by 1235.
1205
Calculate the remainder when 66319 is divided by 16442.
551
What is the remainder when 49321 is divided by 195?
181
Calculate the remainder when 51920 is divided by 51907.
13
Calculate the remainder when 29245 is divided by 225.
220
Calculate the remainder when 46 is divided by 5.
1
Calculate the remainder when 5459 is divided by 32.
19
What is the remainder when 3343 is divided by 98?
11
Calculate the remainder when 756802 is divided by 3881.
7
What is the remainder when 55759 is divided by 136?
135
Calculate the remainder when 45006 is divided by 59.
48
What is the remainder when 5810462 is divided by 971?
969
What is the remainder when 7535 is divided b